
What is the remainder when 11555 is divided by 2102?
1045
What is the remainder when 2989 is divided by 11?
8
Calculate the remainder when 8835 is divided by 1846.
1451
What is the remainder when 12391 is divided by 2464?
71
Calculate the remainder when 87786 is divided by 3.
0
What is the remainder when 54938 is divided by 2114?
2088
What is the remainder when 119557 is divided by 8?
5
What is the remainder when 15365 is divided by 57?
32
Calculate the remainder when 16364 is divided by 7.
5
What is the remainder when 3941 is divided by 1842?
257
Calculate the remainder when 6086 is divided by 411.
332
What is the remainder when 491 is divided by 109?
55
Calculate the remainder when 831 is divided by 224.
159
What is the remainder when 6497891 is divided by 12?
11
What is the remainder when 6339 is divided by 416?
99
What is the remainder when 3146168 is divided by 46?
44
What is the remainder when 1324224 is divided by 29?
26
What is the remainder when 91491 is divided by 352?
323
What is the remainder when 1898 is divided by 331?
243
Calculate the remainder when 560253 is divided by 128.
125
Calculate the remainder when 1914 is divided by 468.
42
What is the remainder when 14463 is divided by 501?
435
Calculate the remainder when 116941 is divided by 6496.
13
Calculate the remainder when 3461 is divided by 2854.
607
Calculate the remainder when 6483 is divided by 15.
3
Calculate the remainder when 1780 is divided by 161.
9
Calculate the remainder when 426203 is divided by 13.
11
Calculate the remainder when 2349 is divided by 828.
693
Calculate the remainder when 9675 is divided by 373.
350
Calculate the remainder when 23173 is divided by 3861.
7
Calculate the remainder when 1647 is divided by 75.
72
What is the remainder when 15661 is divided by 2776?
1781
Calculate the remainder when 487 is divided by 68.
11
What is the remainder when 7452 is divided by 1668?
780
Calculate the remainder when 759 is divided by 580.
179
Calculate the remainder when 98224 is divided by 963.
961
What is the remainder when 10285 is divided by 192?
109
What is the remainder when 216544 is divided by 110?
64
Calculate the remainder when 20614 is divided by 43.
17
Calculate the remainder when 5007 is divided by 670.
317
What is the remainder when 15984 is divided by 149?
41
Calculate the remainder when 66968 is divided by 114.
50
Calculate the remainder when 41211 is divided by 3434.
3
Calculate the remainder when 3389042 is divided by 1366.
1362
What is the remainder when 11802 is divided by 98?
42
Calculate the remainder when 5185 is divided by 734.
47
What is the remainder when 86797 is divided by 69?
64
What is the remainder when 28733 is divided by 309?
305
What is the remainder when 15100 is divided by 116?
20
What is the remainder when 76428 is divided by 25475?
3
Calculate the remainder when 82556 is divided by 14.
12
Calculate the remainder when 584217 is divided by 84.
81
Calculate the remainder when 2233 is divided by 1698.
535
What is the remainder when 468 is divided by 13?
0
What is the remainder when 15087 is divided by 1946?
1465
What is the remainder when 18820 is divided by 854?
32
What is the remainder when 472 is divided by 177?
118
Calculate the remainder when 893016 is divided by 3502.
6
Calculate the remainder when 29636 is divided by 152.
148
What is the remainder when 4660 is divided by 333?
331
Calculate the remainder when 13743 is divided by 312.
15
Calculate the remainder when 995996 is divided by 332.
328
Calculate the remainder when 278860 is divided by 845.
10
Calculate the remainder when 9385 is divided by 669.
19
Calculate the remainder when 1037873 is divided by 25.
23
What is the remainder when 14708 is divided by 273?
239
What is the remainder when 4660 is divided by 322?
152
Calculate the remainder when 461717 is divided by 497.
4
Calculate the remainder when 220957 is divided by 8.
5
What is the remainder when 1434836 is divided by 30?
26
What is the remainder when 19263 is divided by 470?
463
What is the remainder when 6381 is divided by 206?
201
Calculate the remainder when 69707 is divided by 606.
17
What is the remainder when 716 is divided by 156?
92
Calculate the remainder when 1546523 is divided by 798.
797
Calculate the remainder when 19284 is divided by 2637.
825
Calculate the remainder when 116057 is divided by 492.
437
Calculate the remainder when 411477 is divided by 12.
9
What is the remainder when 35498 is divided by 183?
179
Calculate the remainder when 3310 is divided by 2037.
1273
What is the remainder when 1647 is divided by 1201?
446
What is the remainder when 4618 is divided by 273?
250
Calculate the remainder when 5913 is divided by 671.
545
Calculate the remainder when 18235 is divided by 7.
0
Calculate the remainder when 801331 is divided by 6164.
11
Calculate the remainder when 459668 is divided by 179.
175
What is the remainder when 72694 is divided by 550?
94
What is the remainder when 6099 is divided by 24?
3
Calculate the remainder when 3528 is divided by 320.
8
Calculate the remainder when 27610 is divided by 43.
4
Calculate the remainder when 20969 is divided by 3491.
23
What is the remainder when 13006 is divided by 27?
19
What is the remainder when 9424 is divided by 676?
636
Calculate the remainder when 12384 is divided by 3053.
172
Calculate the remainder when 11257 is divided by 1691.
1111
What is the remainder when 133078 is divided by 16?
6
What is the remainder when 5799 is divided by 2290?
1219
Calculate the remainder when 107804 is divided by 48.
44
Calculate the remainder when 10938 is divided by 55.
48
What is the remainder when 17886 is divided by 31?
30
Calculate the remainder when 29749 is divided by 211.
209
Calculate the remainder when 16525 is divided by 4128.
13
Calculate the remainder when 8688 is divided by 54.
48
Calculate the remainder when 2582 is divided by 103.
7
Calculate the remainder when 70554 is divided by 10075.
29
What is the remainder when 17609 is divided by 162?
113
Calculate the remainder when 90134 is divided by 30041.
11
Calculate the remainder when 5648 is divided by 476.
412
Calculate the remainder when 12933 is divided by 26.
11
What is the remainder when 1383 is divided by 179?
130
What is the remainder when 11764 is divided by 129?
25
What is the remainder when 38145 is divided by 6350?
45
What is the remainder when 121193 is divided by 9?
8
What is the remainder when 250567 is divided by 187?
174
What is the remainder when 390441 is divided by 107?
105
What is the remainder when 101029 is divided by 112?
5
What is the remainder when 1638 is divided by 308?
98
What is the remainder when 112971 is divided by 160?
11
Calculate the remainder when 69778 is divided by 5367.
7
What is the remainder when 1696 is divided by 146?
90
Calculate the remainder when 409759 is divided by 3.
1
Calculate the remainder when 3735 is divided by 1242.
9
What is the remainder when 15204 is divided by 2572?
2344
Calculate the remainder when 265 is divided by 156.
109
What is the remainder when 1884 is divided by 68?
48
Calculate the remainder when 18418 is divided by 163.
162
Calculate the remainder when 3194 is divided by 523.
56
Calculate the remainder when 24692 is divided by 1305.
1202
Calculate the remainder when 1282003 is divided by 728.
723
What is the remainder when 19042 is divided by 80?
2
Calculate the remainder when 8332 is divided by 1419.
1237
Calculate the remainder when 52231 is divided by 26095.
41
What is the remainder when 21866 is divided by 3644?
2
Calculate the remainder when 1604 is divided by 798.
8
Calculate the remainder when 174039 is divided by 32.
23
Calculate the remainder when 2795 is divided by 2332.
463
What is the remainder when 229360 is divided by 37?
34
What is the remainder when 486 is divided by 92?
26
Calculate the remainder when 4506 is divided by 79.
3
What is the remainder when 20492 is divided by 5102?
84
Calculate the remainder when 6434 is divided by 82.
38
What is the remainder when 69397 is divided by 452?
241
What is the remainder when 3967 is divided by 32?
31
Calculate the remainder when 11819 is divided by 3939.
2
What is the remainder when 21764 is divided by 5437?
16
Calculate the remainder when 2203 is divided by 2